{"id":100,"date":"2018-03-12T01:18:48","date_gmt":"2018-03-12T00:18:48","guid":{"rendered":"http:\/\/cliniqueduvieuxpont.fr\/?page_id=100"},"modified":"2024-10-24T08:53:54","modified_gmt":"2024-10-24T06:53:54","slug":"la-structure","status":"publish","type":"page","link":"https:\/\/cliniqueduvieuxpont.fr\/index.php\/la-structure\/","title":{"rendered":"La structure"},"content":{"rendered":"<p>Les locaux ont \u00e9t\u00e9 am\u00e9nag\u00e9s afin de r\u00e9pondre aux besoins de chacun : \u00e9quipe soignante, patients et propri\u00e9taires. Nous voulons une m\u00e9decine et chirurgie <strong>rigoureuse et de qualit\u00e9<\/strong> tout en conservant l&rsquo;<strong>aspect humain<\/strong> de l&rsquo;art v\u00e9t\u00e9rinaire.<\/p>\n<p>La salle d&rsquo;attente est s\u00e9par\u00e9e en <strong>deux sections<\/strong>, une zone d\u00e9di\u00e9e aux chiens, l&rsquo;autre plus adapt\u00e9es pour les f\u00e9lins<\/p>\n<p><img loading=\"lazy\" src=\"http:\/\/cliniqueduvieuxpont.fr\/wp-content\/uploads\/2024\/10\/unnamed-1-300x225.jpg\" alt=\"\" class=\"alignnone wp-image-12361 \" width=\"351\" height=\"263\" srcset=\"https:\/\/cliniqueduvieuxpont.fr\/wp-content\/uploads\/2024\/10\/unnamed-1-300x225.jpg 300w, https:\/\/cliniqueduvieuxpont.fr\/wp-content\/uploads\/2024\/10\/unnamed-1-1024x768.jpg 1024w, https:\/\/cliniqueduvieuxpont.fr\/wp-content\/uploads\/2024\/10\/unnamed-1-768x576.jpg 768w, https:\/\/cliniqueduvieuxpont.fr\/wp-content\/uploads\/2024\/10\/unnamed-1-1536x1152.jpg 1536w, https:\/\/cliniqueduvieuxpont.fr\/wp-content\/uploads\/2024\/10\/unnamed-1-2048x1536.jpg 2048w\" sizes=\"(max-width: 351px) 100vw, 351px\" \/>&nbsp;<img loading=\"lazy\" src=\"http:\/\/cliniqueduvieuxpont.fr\/wp-content\/uploads\/2024\/10\/unnamed-300x300.jpg\" alt=\"\" class=\"alignnone wp-image-12362 \" width=\"264\" height=\"264\" srcset=\"https:\/\/cliniqueduvieuxpont.fr\/wp-content\/uploads\/2024\/10\/unnamed-300x300.jpg 300w, https:\/\/cliniqueduvieuxpont.fr\/wp-content\/uploads\/2024\/10\/unnamed-1024x1024.jpg 1024w, https:\/\/cliniqueduvieuxpont.fr\/wp-content\/uploads\/2024\/10\/unnamed-150x150.jpg 150w, https:\/\/cliniqueduvieuxpont.fr\/wp-content\/uploads\/2024\/10\/unnamed-768x768.jpg 768w, https:\/\/cliniqueduvieuxpont.fr\/wp-content\/uploads\/2024\/10\/unnamed-1536x1536.jpg 1536w, https:\/\/cliniqueduvieuxpont.fr\/wp-content\/uploads\/2024\/10\/unnamed-2048x2048.jpg 2048w\" sizes=\"(max-width: 264px) 100vw, 264px\" \/><\/p>\n<p>La clinique dispose de <strong>deux<\/strong> <strong>salles de consultation<\/strong>, dont une <strong>d\u00e9di\u00e9e aux chats et aux NAC<\/strong> afin de r\u00e9duire leur stress.<\/p>\n<p><img loading=\"lazy\" src=\"http:\/\/cliniqueduvieuxpont.fr\/wp-content\/uploads\/2024\/10\/IMG_1177-300x300.jpg\" alt=\"\" class=\"alignnone wp-image-12363 \" width=\"360\" height=\"360\" srcset=\"https:\/\/cliniqueduvieuxpont.fr\/wp-content\/uploads\/2024\/10\/IMG_1177-300x300.jpg 300w, https:\/\/cliniqueduvieuxpont.fr\/wp-content\/uploads\/2024\/10\/IMG_1177-1024x1024.jpg 1024w, https:\/\/cliniqueduvieuxpont.fr\/wp-content\/uploads\/2024\/10\/IMG_1177-150x150.jpg 150w, https:\/\/cliniqueduvieuxpont.fr\/wp-content\/uploads\/2024\/10\/IMG_1177-768x768.jpg 768w, https:\/\/cliniqueduvieuxpont.fr\/wp-content\/uploads\/2024\/10\/IMG_1177-1536x1536.jpg 1536w, https:\/\/cliniqueduvieuxpont.fr\/wp-content\/uploads\/2024\/10\/IMG_1177-2048x2048.jpg 2048w\" sizes=\"(max-width: 360px) 100vw, 360px\" \/>&nbsp;<img loading=\"lazy\" src=\"http:\/\/cliniqueduvieuxpont.fr\/wp-content\/uploads\/2024\/10\/IMG_1175-300x300.jpg\" alt=\"\" class=\"alignnone wp-image-12364 \" width=\"357\" height=\"357\" srcset=\"https:\/\/cliniqueduvieuxpont.fr\/wp-content\/uploads\/2024\/10\/IMG_1175-300x300.jpg 300w, https:\/\/cliniqueduvieuxpont.fr\/wp-content\/uploads\/2024\/10\/IMG_1175-1024x1024.jpg 1024w, https:\/\/cliniqueduvieuxpont.fr\/wp-content\/uploads\/2024\/10\/IMG_1175-150x150.jpg 150w, https:\/\/cliniqueduvieuxpont.fr\/wp-content\/uploads\/2024\/10\/IMG_1175-768x768.jpg 768w, https:\/\/cliniqueduvieuxpont.fr\/wp-content\/uploads\/2024\/10\/IMG_1175-1536x1536.jpg 1536w, https:\/\/cliniqueduvieuxpont.fr\/wp-content\/uploads\/2024\/10\/IMG_1175-2048x2048.jpg 2048w\" sizes=\"(max-width: 357px) 100vw, 357px\" \/><\/p>\n<p>Les consultations ont lieu sur <strong>rendez-vous<\/strong> afin de consacrer suffisamment de temps pour chaque patient. Les motifs de consultations sont tr\u00e8s variables :&nbsp;<a href=\"http:\/\/cliniqueduvieuxpont.fr\/index.php\/prevention\/\">m\u00e9decine pr\u00e9ventive<\/a>,&nbsp;<a href=\"http:\/\/cliniqueduvieuxpont.fr\/index.php\/medecine\/\">m\u00e9decine interne<\/a>, <a href=\"http:\/\/cliniqueduvieuxpont.fr\/index.php\/nutrition\/\">nutrition<\/a>,&nbsp;dermatologie, orthop\u00e9die, ophtalmologie etc&#8230;<\/p>\n<p><strong>En cas d&rsquo;urgence<\/strong>, <strong>il est pr\u00e9f\u00e9rable de nous t\u00e9l\u00e9phoner (04 66 39 19 97 ou 04 66 39 32 66<\/strong>) afin d&rsquo;organiser au mieux votre venue.<\/p>\n<p>Lors d&rsquo;une consultation, des examens compl\u00e9mentaires (<a href=\"http:\/\/cliniqueduvieuxpont.fr\/index.php\/laboratoire-danalyses\/\">analyses sanguines<\/a>, <a href=\"http:\/\/cliniqueduvieuxpont.fr\/index.php\/imagerie-medicale\/\">imagerie m\u00e9dicale&#8230;<\/a>)&nbsp;pourront \u00eatre propos\u00e9s afin d&rsquo;\u00e9tablir, le plus pr\u00e9cis\u00e9ment possible, un diagnostic. Cette \u00e9tape permet de proposer le protocole de soin le plus adapt\u00e9 \u00e0 chaque animal : traitement m\u00e9dical, <a href=\"http:\/\/cliniqueduvieuxpont.fr\/index.php\/chirurgie\/\">chirurgie<\/a>,&nbsp;<a href=\"http:\/\/cliniqueduvieuxpont.fr\/index.php\/hospitalisation\/\">hospitalisation<\/a>, <a href=\"http:\/\/cliniqueduvieuxpont.fr\/index.php\/chimiotherapie-anticancereuse\/\">chimioth\u00e9rapie<\/a><\/p>\n<p><\/p>\n<p>Nous accordons \u00e9galement une <strong>tr\u00e8s grande importance \u00e0 l&rsquo;hygi\u00e8ne des locaux<\/strong>. Comme tout \u00e9tablissement m\u00e9dical, nous disposons de protocoles de nettoyage-d\u00e9sinfection rigoureux dont la finalit\u00e9 est de limiter au maximum les infections nosocomiales.<\/p>\n\n\n<p><\/p>\n","protected":false},"excerpt":{"rendered":"<p>Les locaux ont \u00e9t\u00e9 am\u00e9nag\u00e9s afin de r\u00e9pondre aux besoins de chacun : \u00e9quipe soignante, patients et propri\u00e9taires. Nous voulons une m\u00e9decine et chirurgie rigoureuse et de qualit\u00e9 tout en conservant l&rsquo;aspect humain de l&rsquo;art v\u00e9t\u00e9rinaire. La salle d&rsquo;attente est s\u00e9par\u00e9e en deux sections, une zone d\u00e9di\u00e9e aux chiens, l&rsquo;autre [&hellip;]<\/p>\n","protected":false},"author":1,"featured_media":0,"parent":0,"menu_order":0,"comment_status":"closed","ping_status":"closed","template":"","meta":[],"_links":{"self":[{"href":"https:\/\/cliniqueduvieuxpont.fr\/index.php\/wp-json\/wp\/v2\/pages\/100"}],"collection":[{"href":"https:\/\/cliniqueduvieuxpont.fr\/index.php\/wp-json\/wp\/v2\/pages"}],"about":[{"href":"https:\/\/cliniqueduvieuxpont.fr\/index.php\/wp-json\/wp\/v2\/types\/page"}],"author":[{"embeddable":true,"href":"https:\/\/cliniqueduvieuxpont.fr\/index.php\/wp-json\/wp\/v2\/users\/1"}],"replies":[{"embeddable":true,"href":"https:\/\/cliniqueduvieuxpont.fr\/index.php\/wp-json\/wp\/v2\/comments?post=100"}],"version-history":[{"count":16,"href":"https:\/\/cliniqueduvieuxpont.fr\/index.php\/wp-json\/wp\/v2\/pages\/100\/revisions"}],"predecessor-version":[{"id":12394,"href":"https:\/\/cliniqueduvieuxpont.fr\/index.php\/wp-json\/wp\/v2\/pages\/100\/revisions\/12394"}],"wp:attachment":[{"href":"https:\/\/cliniqueduvieuxpont.fr\/index.php\/wp-json\/wp\/v2\/media?parent=100"}],"curies":[{"name":"wp","href":"https:\/\/api.w.org\/{rel}","templated":true}]}}