{"id":99,"date":"2018-03-12T01:18:48","date_gmt":"2018-03-12T00:18:48","guid":{"rendered":"http:\/\/cliniqueduvieuxpont.fr\/?page_id=99"},"modified":"2024-10-23T15:54:18","modified_gmt":"2024-10-23T13:54:18","slug":"notre-equipe","status":"publish","type":"page","link":"https:\/\/cliniqueduvieuxpont.fr\/index.php\/notre-equipe\/","title":{"rendered":"Notre \u00e9quipe"},"content":{"rendered":"<p>Notre \u00e9quipe est constitu\u00e9e de deux v\u00e9t\u00e9rinaires et deux assistantes.<\/p>\n<ul>\n<li>Le <strong>Dr Benoit Charre<\/strong> travaille \u00e0 Pont St Esprit depuis 2012, d&rsquo;abord en tant que collaborateur lib\u00e9ral du Dr Mialhe puis il a rachet\u00e9 la client\u00e8le en juillet 2017. Dipl\u00f4m\u00e9 de l&rsquo;\u00e9cole v\u00e9t\u00e9rinaire de Lyon en 2011, il a poursuivi son cursus d&rsquo;une ann\u00e9e suppl\u00e9mentaire en tant qu&rsquo;interne en m\u00e9decine et chirurgie des carnivores domestiques.<\/li>\n<li>Le <strong>Dr Marie-Charlotte Arnaud<\/strong> a rejoint l&rsquo;\u00e9quipe en juillet 2021. Sortie de la facult\u00e9 de m\u00e9decine v\u00e9t\u00e9rinaire de Li\u00e8ge en 2021.<\/li>\n<li><strong>Les Assistantes v\u00e9t\u00e9rinaire :<\/strong><\/li>\n<\/ul>\n<p><strong style=\"font-size: inherit;\">Lauranne, <\/strong>travaille au cot\u00e9 du Dr Charre depuis 2018\u00a0 \u00a0 \u00a0 \u00a0 <strong style=\"font-size: inherit;\"><img loading=\"lazy\" src=\"http:\/\/cliniqueduvieuxpont.fr\/wp-content\/uploads\/2024\/10\/438658674_1221892145476490_511617065748885098_n-240x300.jpg\" alt=\"\" width=\"115\" height=\"144\" class=\"wp-image-12380 alignleft\" srcset=\"https:\/\/cliniqueduvieuxpont.fr\/wp-content\/uploads\/2024\/10\/438658674_1221892145476490_511617065748885098_n-240x300.jpg 240w, https:\/\/cliniqueduvieuxpont.fr\/wp-content\/uploads\/2024\/10\/438658674_1221892145476490_511617065748885098_n-819x1024.jpg 819w, https:\/\/cliniqueduvieuxpont.fr\/wp-content\/uploads\/2024\/10\/438658674_1221892145476490_511617065748885098_n-768x960.jpg 768w, https:\/\/cliniqueduvieuxpont.fr\/wp-content\/uploads\/2024\/10\/438658674_1221892145476490_511617065748885098_n.jpg 1170w\" sizes=\"(max-width: 115px) 100vw, 115px\" \/><\/strong><\/p>\n<p><strong>Cl\u00e9mence, <\/strong>dipl\u00f4m\u00e9e ASV du GIPSA de Toulouse en 2022 <img loading=\"lazy\" src=\"http:\/\/cliniqueduvieuxpont.fr\/wp-content\/uploads\/2024\/10\/437850580_1221892062143165_441113420125188719_n-240x300.jpg\" alt=\"\" width=\"115\" height=\"144\" class=\"wp-image-12381 alignleft\" srcset=\"https:\/\/cliniqueduvieuxpont.fr\/wp-content\/uploads\/2024\/10\/437850580_1221892062143165_441113420125188719_n-240x300.jpg 240w, https:\/\/cliniqueduvieuxpont.fr\/wp-content\/uploads\/2024\/10\/437850580_1221892062143165_441113420125188719_n-819x1024.jpg 819w, https:\/\/cliniqueduvieuxpont.fr\/wp-content\/uploads\/2024\/10\/437850580_1221892062143165_441113420125188719_n-768x960.jpg 768w, https:\/\/cliniqueduvieuxpont.fr\/wp-content\/uploads\/2024\/10\/437850580_1221892062143165_441113420125188719_n.jpg 1170w\" sizes=\"(max-width: 115px) 100vw, 115px\" \/><\/p>\n<p><img loading=\"lazy\" src=\"http:\/\/cliniqueduvieuxpont.fr\/wp-content\/uploads\/2024\/10\/437762872_1221891915476513_9209972021706241181_n-238x300.jpg\" alt=\"\" width=\"115\" height=\"145\" class=\"alignnone  wp-image-12382\" srcset=\"https:\/\/cliniqueduvieuxpont.fr\/wp-content\/uploads\/2024\/10\/437762872_1221891915476513_9209972021706241181_n-238x300.jpg 238w, https:\/\/cliniqueduvieuxpont.fr\/wp-content\/uploads\/2024\/10\/437762872_1221891915476513_9209972021706241181_n-813x1024.jpg 813w, https:\/\/cliniqueduvieuxpont.fr\/wp-content\/uploads\/2024\/10\/437762872_1221891915476513_9209972021706241181_n-768x967.jpg 768w, https:\/\/cliniqueduvieuxpont.fr\/wp-content\/uploads\/2024\/10\/437762872_1221891915476513_9209972021706241181_n.jpg 1170w\" sizes=\"(max-width: 115px) 100vw, 115px\" \/> \u00a0<strong>Oc\u00e9ane, <\/strong>en formation avec le GIPSA d&rsquo;Aix en Provence<\/p>\n<ul>\n<li>Leur r\u00f4le est central dans le fonctionnement de la clinique, en vous accueillant \u00e0 votre arriv\u00e9e \u00e0 la clinique, \u00a0en s&rsquo;occupant des appels t\u00e9l\u00e9phoniques, en organisant les rendez-vous, mais aussi en ayant un r\u00f4le d&rsquo;infirmi\u00e8re.<\/li>\n<\/ul>\n<p>Nous travaillons en \u00e9quipe pour <strong>\u00e9couter<\/strong> attentivement et <strong>respecter<\/strong> le souhait des propri\u00e9taires afin de proposer une <strong>m\u00e9decine rigoureuse<\/strong>, de <strong>qualit\u00e9<\/strong> et <strong>adapt\u00e9e<\/strong> \u00e0 chaque patient.<\/p>\n","protected":false},"excerpt":{"rendered":"<p>Notre \u00e9quipe est constitu\u00e9e de deux v\u00e9t\u00e9rinaires et deux assistantes. Le Dr Benoit Charre travaille \u00e0 Pont St Esprit depuis 2012, d&rsquo;abord en tant que collaborateur lib\u00e9ral du Dr Mialhe puis il a rachet\u00e9 la client\u00e8le en juillet 2017. Dipl\u00f4m\u00e9 de l&rsquo;\u00e9cole v\u00e9t\u00e9rinaire de Lyon en 2011, il a poursuivi [&hellip;]<\/p>\n","protected":false},"author":1,"featured_media":0,"parent":0,"menu_order":0,"comment_status":"closed","ping_status":"closed","template":"","meta":[],"_links":{"self":[{"href":"https:\/\/cliniqueduvieuxpont.fr\/index.php\/wp-json\/wp\/v2\/pages\/99"}],"collection":[{"href":"https:\/\/cliniqueduvieuxpont.fr\/index.php\/wp-json\/wp\/v2\/pages"}],"about":[{"href":"https:\/\/cliniqueduvieuxpont.fr\/index.php\/wp-json\/wp\/v2\/types\/page"}],"author":[{"embeddable":true,"href":"https:\/\/cliniqueduvieuxpont.fr\/index.php\/wp-json\/wp\/v2\/users\/1"}],"replies":[{"embeddable":true,"href":"https:\/\/cliniqueduvieuxpont.fr\/index.php\/wp-json\/wp\/v2\/comments?post=99"}],"version-history":[{"count":12,"href":"https:\/\/cliniqueduvieuxpont.fr\/index.php\/wp-json\/wp\/v2\/pages\/99\/revisions"}],"predecessor-version":[{"id":12389,"href":"https:\/\/cliniqueduvieuxpont.fr\/index.php\/wp-json\/wp\/v2\/pages\/99\/revisions\/12389"}],"wp:attachment":[{"href":"https:\/\/cliniqueduvieuxpont.fr\/index.php\/wp-json\/wp\/v2\/media?parent=99"}],"curies":[{"name":"wp","href":"https:\/\/api.w.org\/{rel}","templated":true}]}}